 m. What is the tens digit of (d + 40/(-6))/(t/(-336))?
4
Suppose 50*z + 65730 = 85*z. What is the units digit of z?
8
Suppose -2*z = -10, 6*j + 3*z = 5*j + 2001. Suppose -67*a + 61*a = -j. What is the units digit of a?
1
What is the ten thousands digit of -9 - ((-251772)/24 + (-25)/(-10))?
1
Let k = 0 + 0. Let t(l) = l**2 + 35*l - 42. Let x be t(-36). What is the units digit of k + 6/(x/(-5))?
5
Suppose 4*y - 4659*s + 4661*s = 259888, y - 5*s = 64983. What is the thousands digit of y?
4
Suppose -j = 5*x - 24, 2*x - 5 = 3. Let d be ((j - 3) + 1)*1. Suppose -3*a + 4*r + 408 = 0, 3*a = -d*a - r + 703. What is the units digit of a?
0
Let o(q) = -q**2 - 26*q + 8867. What is the units digit of o(0)?
7
Let j(v) = -66*v - 618. Let w be j(-18). Suppose -4*x - 12 + 64 = 0. Suppose 0 = -16*d + x*d + w. What is the tens digit of d?
9
Suppose -5*r + 584 = 3*r. Let l be r + 5/20*4. Let f = l + -51. What is the units digit of f?
3
Let t be 5060/(-45) - (-4)/9. What is the units digit of t/(-32)*1/((-2)/(-480))?
0
What is the units digit of 6336690/310 - (-14)/217?
1
Let l = -285 - -312. Suppose -m + 392 + l = 0. What is the units digit of m?
9
Let c be (-8)/3*(-1 - 2). Let i(n) = c*n - 5 + 6*n - 6*n - 2*n. What is the units digit of i(10)?
5
Let h be 6*((-8)/(-30) - 4/(-10)). Let k be (h/(-6))/((-14)/63). Let y(i) = 8*i**2 + 8*i - 2. What is the units digit of y(k)?
4
Let d be 5/((-210)/12) + 606/14. Suppose -38*m + d*m - 870 = 0. What is the tens digit of m?
7
Let i = -73 + 168. Let o = 115 - i. What is the units digit of o?
0
Suppose 3*s + 12 = 7*s. Suppose -2*q = -s*q + 2*g + 889, -4*q + 3556 = -g. What is the hundreds digit of q?
8
Suppose -5*i = -2*d + 26, 0 - 4 = i - d. Suppose -2*f - 4*k + 1185 = 1115, f = 5*k - 14. What is the tens digit of 280/(-49)*f/i?
2
Let j = 9 + -6. Suppose -37 = -2*p - j*c - 2*c, 4*c + 43 = 5*p. Suppose -3568 = -p*w - 5*w. What is the hundreds digit of w?
2
Let i be ((-10)/(-3))/(42/15687). Let l be i/(-10) - (-5)/10. Let z = l + 204. What is the units digit of z?
0
Suppose -6*a - 982 = -11182. What is the hundreds digit of a?
7
Let o be (-3 - 14/(-4))*2. Let q(h) be the first derivative of 17*h**3/3 + 5*h**2/2 - 4*h + 53. What is the tens digit of q(o)?
1
Suppose -13*h = -18*g - 9*h + 580036, 24 = 3*h. What is the units digit of g?
6
Let r be (-4 - (-20)/5)/3. Suppose r = 16*t - 7018 - 4950. What is the tens digit of t?
4
Let p = 17585 + 14206. What is the hundreds digit of p?
7
Let b = -541 - -542. What is the hundreds digit of ((-3)/(-6)*b)/(5/2400)?
2
Suppose u = -7*u + 32. Suppose 5*k + 465 = 2*o - 224, 4*o = u*k + 1372. What is the units digit of o?
2
Let i = 255 + 16. Let a = i + -1. What is the units digit of a?
0
Suppose -578*t = -603*t. Suppose 3*c = 4*c - 3. Suppose -w = -c*n + w + 136, w + 2 = t. What is the units digit of n?
4
Let m be 10*(-3 - (-22)/10). Let h = -201 + 238. Let n = m + h. What is the tens digit of n?
2
Suppose 4*v - 6*p + 4*p - 1818 = 0, p - 2276 = -5*v. Let g = 963 - v. What is the units digit of g?
8
Suppose 0 = 3*d + 5*h - 3998, 3*d - 3992 = 93*h - 92*h. What is the tens digit of d?
3
Let h = 32 - 15. Let a be 19/(-38) - (50/(-4))/5. Suppose 5*q = 3*r + q + h, -a*r - 5*q + 27 = 0. What is the units digit of r?
1
Let w = 23637 + -753. What is the ten thousands digit of w?
2
What is the units digit of 7293 - ((-1)/5 + (-540)/(-75))?
6
Let y = 116 + -111. Suppose 34 = -y*v - 16. What is the tens digit of -348*(v/12 + 5/15)?
7
Let f(l) = -3*l + 187. Suppose g + 4*w = -g + 4, 3*g = -w + 21. Let i be (-2)/g + (-30)/(-120). What is the hundreds digit of f(i)?
1
Let k(r) = -82*r + 9. Let p = -23 + 23. Let w be p - ((-4 - -8) + 3 + -6). What is the tens digit of k(w)?
9
Let l(g) = 3*g + 107. Let n(o) = -o + 6. Let a be n(-3). Let u(h) = h**3 - 9*h**2 - h + 9. Let s be u(a). What is the tens digit of l(s)?
0
Let f(s) = 2105*s**2 - 8*s + 9. What is the thousands digit of f(1)?
2
Suppose 4*s + 9 = -g, 2*g = -0*s + 3*s + 37. Let o(r) be the second derivative of r**4/4 - 25*r**3/6 + r**2 + 4*r. What is the units digit of o(g)?
0
Suppose -s = 0, -5*w + w - 276 = -2*s. Let h be 264*(78/(-9) + 8). Let p = w - h. What is the units digit of p?
7
Let t = -827 + 2334. Let s = 2154 - t. What is the units digit of s?
7
Suppose 1 + 9 = 2*o. Suppose -4*r + 4*v + 77 = -571, 25 = -o*v. Suppose 5*i = t - r, -151 = -4*t + 3*t + 3*i. What is the tens digit of t?
4
Suppose 0 = 6*a - i - 17237, 3*a + i - 9355 = -744. What is the thousands digit of a?
2
Suppose -13160 = -v - 4*v + 3*c, -5*v - c = -13160. What is the hundreds digit of 12/(-36) - v/(-12)?
2
What is the hundreds digit of (-2894589)/94*6/(-27)?
8
Let x be (6/(-3) + (-5)/(-2))*20. Suppose x*a - 1656 = 894. Suppose -4*y + 285 + a = 0. What is the hundreds digit of y?
1
Let j be (-1)/(-3)*-1 + 204/(-36). What is the tens digit of j/(-8)*1464/(3 + -2)?
9
Suppose -9*g + 4*g - 4*b = -134968, -3*b + 6 = 0. What is the tens digit of g?
9
Let b = 236 + -242. Let l(j) = -54*j + 38. What is the units digit of l(b)?
2
Let g = -294 - -306. What is the units digit of ((-189)/(-6))/(4/(128/g))?
4
Suppose 0 = 33391*v - 33400*v + 61911. What is the units digit of v?
9
Suppose 4*v = -2*b + b - 60, -2*b = 5*v + 78. Let c = -8 - v. Suppose 0 = c*w - 4*w - 158. What is the tens digit of w?
7
Suppose 0 = -4*y + i + 17171, -2*i = 2*y + i - 8603. What is the thousands digit of y?
4
Let p(k) = 5*k**2 - 61*k - 153. What is the thousands digit of p(31)?
2
Let b = -17 - -5. Let r be ((-26)/(-6))/(b/(-144)). Let l = r - 21. What is the units digit of l?
1
Let f(m) = 3448*m**2 - 182*m + 952. What is the tens digit of f(5)?
4
Suppose -26*b = -23*b - 9. Suppose b*f - 4*g - 131 = 0, 0*f - 69 = -f - 5*g. Let n = -48 + f. What is the units digit of n?
1
What is the tens digit of 5 - (30/20)/(6/(-60532))?
3
Let w(p) be the second derivative of 3*p**5/10 - p**4/4 - p**3/2 + 3*p**2/2 - 9*p + 1. What is the units digit of w(3)?
9
Suppose -2*k - 1 = 3*v - 3, 23 = 5*k + 3*v. Suppose -9 - k = -8*c. What is the units digit of 624/5 + c/10?
5
Suppose -4*b + 37 + 683 = 0. Suppose -b*p = -183*p + 774. What is the hundreds digit of p?
2
Let l be (-7 - (-188)/28)/(5*(-2)/140). Let u = -11 + 15. Suppose -5*b + 215 = 5*p, -u*b + l*p - 2*p + 184 = 0. What is the tens digit of b?
4
Let u(l) = -77*l - 23. Let f be u(-7). Suppose -i + 448 = n, -n = 3*i - f - 826. What is the hundreds digit of i?
4
Let j = 81038 - 46305. What is the thousands digit of j?
4
Suppose 5*t - 4*n = 28, -5*t + 0*n + 37 = -n. Suppose t*y + 2*s = 4*y + 1052, -3*y = 5*s - 796. What is the units digit of y?
2
Suppose -168849 = -66*q + 174021. What is the thousands digit of q?
5
Suppose -21*v + 27051 = -17*v - 3829. What is the tens digit of v?
2
Suppose 57 = 5*x - 223. Suppose x + 10 = -2*w. Let h = w - -124. What is the units digit of h?
1
Let r = -661 + 1362. What is the units digit of 0 + 1 + r + -5?
7
Let q(f) = -725*f**3 - 62*f - 132. What is the thousands digit of q(-2)?
5
Suppose 2*u = -75*b + 74*b + 4, -3*u - 20 = -5*b. Suppose b*n + 1070 = 9*n. What is the units digit of n?
4
Suppose -2*k + 5*v + 59157 = 0, -146333 = -5*k - v + 1492. What is the units digit of k?
6
Let x(t) = 3*t**2 + 24*t + 1. Let s be x(-8). Let l(p) = p**3 - s - 6 + p**2 - 2 + 2*p. What is the units digit of l(5)?
1
Suppose 18 - 99 = 9*f. Let q be ((-24)/4)/(4 + f + 3). Suppose -u + 4*h + 51 = -44, -304 = -4*u - q*h. What is the units digit of u?
9
Suppose -c + 35 = 4*c. Suppose -1642 + 277 = -c*g. What is the tens digit of g?
9
Suppose -4*j = -7*j + 2*d + 56, 2*d = j - 24. Suppose 299 = 45*q - j. What is the units digit of q?
7
Suppose -18*k - 21050 = 28702. Let n = 3943 + k. What is the thousands digit of n?
1
Let l(i) = -i**3 + 4*i**2 - 6*i + 7. Let h be l(2). Suppose 3*v - 3*b - 468 = 0, -h*b + 2*b = -4*v + 609. What is the units digit of v?
1
Let m = -106 - -108. Suppose m*t = -0*t + 4*r + 40, 3*t - 40 = r. Let j = 285 - t. What is the units digit of j?
3
Let t = -890 - -2190. Suppose 0 = 4*f + 5*y - 1049, 4*f = -f + 5*y + t. What is the tens digit of f?
6
Suppose 0 = -4*k + 8 - 4, 3*d - 5*k - 238 = 0. Let t = d + -80. What is the tens digit of (t/((-9)/(-516)))/((-3)/(-9))?
7
Suppose -9*t + 6*t = 210. Let j be 63/(-6)*t/15. What is the tens digit of 4/(